{"id":339,"date":"2018-01-22T15:11:07","date_gmt":"2018-01-22T19:11:07","guid":{"rendered":"http:\/\/new.bocachica.gob.do\/transparencia\/?page_id=339"},"modified":"2021-12-06T21:19:52","modified_gmt":"2021-12-07T01:19:52","slug":"como-ser-proveedor","status":"publish","type":"page","link":"https:\/\/ayuntamientobocachica.gob.do\/transparencia\/como-ser-proveedor\/","title":{"rendered":"\u00bfC\u00f3mo ser proveedor?"},"content":{"rendered":"<p>Los proveedores interesados en ofrecer bienes y servicios al Ayuntamiento Santo Domingo Este deben cumplir con los siguientes requisitos:<\/p>\n<p>   1- Contar con el Registro de Proveedores del Estado (RPE), seg\u00fan lo establecido en el portal<\/p>\n<blockquote class=\"wp-embedded-content\" data-secret=\"0NZXRfRF2s\"><p><a href=\"https:\/\/www.dgcp.gob.do\/servicios\/registro-de-proveedores\/\">Inscripci\u00f3n en el Registro de Proveedores del Estado (RPE)<\/a><\/p><\/blockquote>\n<p><iframe class=\"wp-embedded-content\" sandbox=\"allow-scripts\" security=\"restricted\" style=\"position: absolute; clip: rect(1px, 1px, 1px, 1px);\" title=\"\u00abInscripci\u00f3n en el Registro de Proveedores del Estado (RPE)\u00bb \u2014 Direcci\u00f3n General de Contrataciones P\u00fablicas\" src=\"https:\/\/www.dgcp.gob.do\/servicios\/registro-de-proveedores\/embed\/#?secret=PL6yDvwVfP#?secret=0NZXRfRF2s\" data-secret=\"0NZXRfRF2s\" width=\"600\" height=\"338\" frameborder=\"0\" marginwidth=\"0\" marginheight=\"0\" scrolling=\"no\"><\/iframe><br \/>\n&lt;<\/p>\n<p>   2- Estar al d\u00eda en el pago de sus obligaciones fiscales.<\/p>\n<p>3- Depositar en el Departamento de Compras* un Portafolio de Negocios que incluya:<br \/>\n      1- Descripci\u00f3n de la empresa<br \/>\n      2- Bienes y servicios ofrecidos<br \/>\n      3- Servicios de valor a\u00f1adido<br \/>\n      4- Experiencia en el mercado<br \/>\n      5- Referencias comerciales<br \/>\n      6- T\u00e9rminos de pago<br \/>\n      7- T\u00e9rminos de entrega<br \/>\n   4- Participar de los procesos de las compras y contrataciones publicados a trav\u00e9s de este portal y la Direcci\u00f3n General de Contrataciones P\u00fablicas http:\/\/comprasdominicana.gov.do\/web\/guest\/portada y en el portal de nuestra organizaci\u00f3n gubernamental en la secci\u00f3n de transparencia.<\/p>\n","protected":false},"excerpt":{"rendered":"Los proveedores interesados en ofrecer bienes y servicios al Ayuntamiento Santo Domingo Este deben cumplir con los siguientes requisitos: 1- Contar con el Registro de Proveedores del Estado (RPE), seg\u00fan lo establecido en el portal Inscripci\u00f3n en el Registro de Proveedores del Estado (RPE) &lt; 2- Estar al d\u00eda en el pago de sus obligaciones&#8230;","protected":false},"author":4,"featured_media":0,"parent":0,"menu_order":0,"comment_status":"closed","ping_status":"closed","template":"","meta":[],"acf":[],"_links":{"self":[{"href":"https:\/\/ayuntamientobocachica.gob.do\/transparencia\/wp-json\/wp\/v2\/pages\/339"}],"collection":[{"href":"https:\/\/ayuntamientobocachica.gob.do\/transparencia\/wp-json\/wp\/v2\/pages"}],"about":[{"href":"https:\/\/ayuntamientobocachica.gob.do\/transparencia\/wp-json\/wp\/v2\/types\/page"}],"author":[{"embeddable":true,"href":"https:\/\/ayuntamientobocachica.gob.do\/transparencia\/wp-json\/wp\/v2\/users\/4"}],"replies":[{"embeddable":true,"href":"https:\/\/ayuntamientobocachica.gob.do\/transparencia\/wp-json\/wp\/v2\/comments?post=339"}],"version-history":[{"count":13,"href":"https:\/\/ayuntamientobocachica.gob.do\/transparencia\/wp-json\/wp\/v2\/pages\/339\/revisions"}],"predecessor-version":[{"id":1165,"href":"https:\/\/ayuntamientobocachica.gob.do\/transparencia\/wp-json\/wp\/v2\/pages\/339\/revisions\/1165"}],"wp:attachment":[{"href":"https:\/\/ayuntamientobocachica.gob.do\/transparencia\/wp-json\/wp\/v2\/media?parent=339"}],"curies":[{"name":"wp","href":"https:\/\/api.w.org\/{rel}","templated":true}]}}